 110 - -25?
135
In base 13, what is 5 + c28?
c30
In base 14, what is -c + -14?
-22
In base 6, what is 5503 - 5?
5454
In base 4, what is -10010033 + -2?
-10010101
In base 6, what is 5 + 11212?
11221
In base 15, what is -3 + 2d?
2a
In base 14, what is 21 + -a?
15
In base 3, what is 202 - -12?
221
In base 2, what is -100011 - 10011110?
-11000001
In base 15, what is 1a35 - 1?
1a34
In base 6, what is -1 + 10234?
10233
In base 10, what is -10 - -35?
25
In base 15, what is 5 - -15?
1a
In base 16, what is -2a0 + 2?
-29e
In base 3, what is 1 - -1000101?
1000102
In base 11, what is 3 - -1a?
22
In base 5, what is 23 - -11?
34
In base 5, what is 4340 + 10?
4400
In base 8, what is -16607 - -1?
-16606
In base 12, what is -2b1 + 2?
-2ab
In base 15, what is -5 - -1c5?
1c0
In base 16, what is -3 + 139?
136
In base 10, what is 14 - -809?
823
In base 2, what is 1 - -10100001110?
10100001111
In base 12, what is -4b + 7?
-44
In base 8, what is -662 - -2?
-660
In base 6, what is -323 - -25?
-254
In base 16, what is 2 - -2ac?
2ae
In base 14, what is -117 - -6?
-111
In base 3, what is -211 - -22?
-112
In base 2, what is -1001011000 + 101?
-1001010011
In base 16, what is 3 - -4?
7
In base 5, what is -413 - 2?
-420
In base 7, what is 40630 - -4?
40634
In base 9, what is -2 - -102?
100
In base 10, what is -49 + 0?
-49
In base 6, what is -405 + -3?
-412
In base 11, what is -1 + -2302?
-2303
In base 7, what is 32 + 31?
63
In base 14, what is 4 + 1412?
1416
In base 4, what is 203 - 11?
132
In base 15, what is -b - c0?
-cb
In base 16, what is -f + -d7?
-e6
In base 12, what is 2 + 7b?
81
In base 13, what is -233 - -11?
-222
In base 11, what is 10 - 27?
-17
In base 13, what is -7 - 3?
-a
In base 11, what is -52 + 0?
-52
In base 16, what is -13 + -304?
-317
In base 12, what is 1 - 5?
-4
In base 4, what is -211 - 1?
-212
In base 15, what is 40e + -1?
40d
In base 7, what is 10 - -2450?
2460
In base 14, what is 88 + -2?
86
In base 6, what is 34 + 3?
41
In base 3, what is -11020122 - -10?
-11020112
In base 13, what is 5 - b?
-6
In base 6, what is 2 + -2343?
-2341
In base 12, what is 5 + -b95?
-b90
In base 9, what is -71 - -16?
-54
In base 11, what is 2 + -194?
-192
In base 14, what is -1b3 + 5?
-1ac
In base 5, what is 20041 - 13?
20023
In base 6, what is 115205 - -1?
115210
In base 11, what is 1 + 2?
3
In base 9, what is 3 + -4115?
-4112
In base 3, what is 101 + -102220?
-102112
In base 3, what is -1 - -12211?
12210
In base 13, what is a - -54?
61
In base 10, what is 4 + 238?
242
In base 10, what is 2 + -3?
-1
In base 14, what is -11 - -73?
62
In base 10, what is -22 - -549?
527
In base 12, what is -3 + -15?
-18
In base 14, what is 2 + -4b?
-49
In base 15, what is -11e7 - 1?
-11e8
In base 12, what is 53 - -64?
b7
In base 3, what is -110 - 2121?
-10001
In base 10, what is 29 - 11?
18
In base 9, what is -5 + -1141?
-1146
In base 5, what is 10 + -120131?
-120121
In base 14, what is 42 - 1a?
26
In base 8, what is 14 + -166?
-152
In base 16, what is -5 - -384?
37f
In base 5, what is 4 - -112122?
112131
In base 6, what is -1 - -2445?
2444
In base 4, what is 113 - -1?
120
In base 16, what is -3 + 41?
3e
In base 6, what is 3 + -1511?
-1504
In base 16, what is 4 + 28?
2c
In base 10, what is 20 - 6?
14
In base 10, what is 95 - -362?
457
In base 12, what is 3 - -885?
888
In base 8, what is -145 + -25?
-172
In base 11, what is 2554 - 2?
2552
In base 16, what is -6b3 - -4?
-6af
In base 7, what is -1006 - -34?
-642
In base 5, what is 10 + -12314?
-12304
In base 13, what is 42 - -33?
75
In base 15, what is 1a + 1d?
38
In base 16, what is 18 - -10?
28
In base 2, what is 100 + -10000011?
-1111111
In base 4, what is -1030 + 200?
-230
In base 16, what is -c6 + -6b?
-131
In base 12, what is 2 - 285?
-283
In base 2, what is -101 - -11110011110?
11110011001
In base 5, what is -11311 - 14?
-11330
In base 12, what is 18 - 28?
-10
In base 10, what is -4 - -139?
135
In base 2, what is -100100111 - -110?
-100100001
In base 10, what is 520 - 5?
515
In base 8, what is 26724 + 4?
26730
In base 4, what is -11 - -23021?
23010
In base 2, what is 11 - -101100?
101111
In base 14, what is 52 + 19?
6b
In base 12, what is b + 9b?
aa
In base 12, what is -35 + 1b?
-16
In base 11, what is 5 + -52?
-48
In base 14, what is -1 - 13a?
-13b
In base 13, what is -31 - 49?
-7a
In base 15, what is -5 + 9a?
95
In base 13, what is a7 - -1?
a8
In base 8, what is -4 + -510?
-514
In base 10, what is 12 - 17?
-5
In base 5, what is -3 - -20243?
20240
In base 12, what is -1142 + 1?
-1141
In base 4, what is 1 + -303?
-302
In base 3, what is 2012110 + -2?
2012101
In base 3, what is 100000 + -121?
22102
In base 12, what is 5 + 737?
740
In base 16, what is 2 + -14a?
-148
In base 6, what is -203 + -12?
-215
In base 11, what is -44 + 1?
-43
In base 6, what is -10 - -334?
324
In base 14, what is -95 + -13?
-a8
In base 4, what is 23 + -12101?
-12012
In base 2, what is 111011110 - 11?
111011011
In base 6, what is 34122 - 0?
34122
In base 7, what is -30 + -4523?
-4553
In base 4, what is 122 + -11?
111
In base 5, what is 3 + 2?
10
In base 13, what is -2 - b5?
-b7
In base 15, what is 43a - 4?
436
In base 15, what is 3 - -d6?
d9
In base 14, what is 54 + 4?
58
In base 2, what is -100 - 1111010?
-1111110
In base 6, what is -113 - 33?
-150
In base 16, what is 0 - 7a?
-7a
In base 7, what is -1103 - 4?
-1110
In base 9, what is -7 - -2?
-5
In base 6, what is 23 - 13?
10
In base 14, what is -30 + 34?
4
In base 4, what is 10 - 1333?
-1323
In base 2, what is -1001011 + -100?
-1001111
In base 15, what is -c9 + -2?
-cb
In base 15, what is 4 - -57?
5b
In base 3, what is 10 - -2001?
2011
In base 4, what is -11 + 11311?
11300
In base 10, what is -3 + 2639?
2636
In base 14, what is -143 - 1?
-144
In base 2, what is -10 + 110010111110?
110010111100
In base 15, what is c + 199?
1a6
In base 12, what is -517 - -29?
-4aa
In base 9, what is 6 + -515?
-508
In base 11, what is 1 - 25?
-24
In base 14, what is 5 + 9d0?
9d5
In base 14, what is 5 + -12?
-b
In base 16, what is -1c + -104?
-120
In base 16, what is -244c - -4?
-2448
In base 2, what is 10001111 + 100?
10010011
In base 5, what is -10020 + 111?
-4404
In base 16, what is 1 - -27?
28
In base 2, what is -11000 + 1001?
-1111
In base 2, what is -11100100101 + 0?
-11100100101
In base 12, what is 4 + -95?
-91
In base 14, what is 1 - 137b?
-137a
In base 12, what is b + -2a?
-1b
In base 11, what is 1 - 259?
-258
In base 15, what is 33 - 2?
31
In base 15, what is 48 + 6?
4e
In base 7, what is 26 - 356?
-330
In base 8, what is 41 + 12?
53
In base 9, what is 223 + 2?
225
In base 4, what is 30 - -123?
213
In base 15, what is 16dd - -5?
16e3
In base 15, what is 455 + 7?
45c
In base 5, what is -21 - -1330?
1304
In base 14, what is -1 - -43?
42
In base 12, what is 615a - -2?
6160
In base 10, what is 0 - -8?
8
In base 12, what is 71 + 1?
72
In base 12, what is 3 - 4?
-1
In base 3, what is 10000 + -11?
2212
In base 5, what is -4302143 + -2?
-4302200
In base 11, what is -5 + -8?
-12
In base 11, what is 0 + 269?
269
In base 11, what is 46 - -91?
127
In base 12, what is -535 + 15?
-520
In base 4, what is 11322 + 10?
11332
In base 6, what is 44 - 50?
-2
In base 2, what is 100011011 - -100?
100011111
In base 12, what is -1 - -32?
31
In base 4, what is -21 - 321?
-1002
In base 8, what is -1132 - -2?
-1130
In base 3, what is 121 + 10020?
10211
In base 4, what is -10 + 31?
21
In base 10, what is 4 + 102?
106
In base 3, what is 102111010 + -1?
102111002
In base 3, what is -2111 - 112?
-10000
In base 6, what is 335203 + 5?
335212
In base 3, what is -10 + 120012?
120002
In base 3, what is -111222 - 0?
-111222
In base 2, what is -11 + -10000100110?
-10000101001
In base 3, what is -12 - 11122?
-11211
In base 8, what is 703 + 3?
706
In base 14, what is -256 + 3?
-253
In base 11, what is 15a9 - -6?
1604
In base 8, what is 33 + 11?
44
In base 8, what is 2 - -1037?
1041
In base 8, what is -3 - 12?
-15
In base 8, what is 3 + 2634?
2637
In base 9, what is -1 + -74?
-75
In base 10, what is -251 - -2?
-249
In base 11, what is 0 - 639?
-639
In base 14, what is 1b6 + -4?
1b2
In base 16, what is -f + -21?
-30
In base 13, what is 4 + -44b?
-447
In base 16, what is -50 + -1?
-51
In base 14, what is 1 - -164?
165
In base 6, what is -1 - -3145?
3144
In bas